atest common factor of 5520 and r.
115
Let l be (((-16)/3)/((-36)/54))/2. Let j be l - (-20)/(-5) - -32. Calculate the greatest common factor of j and 544.
32
Let a(o) = -165*o - 263. Let y be a(-3). Calculate the highest common factor of y and 203.
29
Suppose 48*b - 93632 = -33*b + 5*b. Calculate the greatest common factor of 1672 and b.
88
Suppose 0 = 5*b - g - 55, 0 = -4*b - 3*g - 27 + 90. Suppose 5*l - x = 242, -3*l + b = 5*x - 122. What is the highest common factor of 132 and l?
12
Let p(w) = -556*w - 1516. Let a be p(-6). What is the greatest common divisor of 60 and a?
20
Suppose 5222 + 994 = 24*g. Calculate the greatest common divisor of 851 and g.
37
Suppose 2*v - a + 1679 = 44, 0 = -3*v + 2*a - 2453. Let y = v - -843. Calculate the greatest common factor of 221 and y.
13
Let y(j) = 6*j**2 + j. Let f be y(-4). Let o(z) = -z**2 + 6*z + 21. Let c be o(8). Suppose c*a = -2*a + 161. What is the greatest common divisor of a and f?
23
Let o = 147 - 45. Let u be 12/o + 406/17. Let k = u + 15. What is the highest common factor of 156 and k?
39
Suppose 0 = 10*i + 39*i - 461335. Calculate the greatest common factor of i and 35.
35
Let t(s) = -s**2 + 17*s - 27. Let x(v) = -5*v - 10. Let o be x(-5). Let m be t(o). Suppose 0 = -m*k + 250 + 149. What is the highest common factor of 19 and k?
19
Suppose 44*a + 8 = 52*a. Let q be (a + -12)*(-2 + 6 + -12). Calculate the highest common factor of 8 and q.
8
Suppose 9806*x = 9813*x - 1932. What is the highest common divisor of 228 and x?
12
Let q = -147 + -406. Let x = 595 + q. Calculate the highest common factor of x and 30.
6
Let n be 0 - -10 - (1 - 2). Suppose 2*v - 2*y = 232, 0 = 761*v - 756*v - y - 600. Calculate the greatest common factor of v and n.
11
Let s = 25241 - 25135. What is the highest common factor of 848 and s?
106
Let p(a) = 25*a**3 - 12*a**2 + 26*a - 9. Let j be p(1). Let f = 404 - 164. Calculate the highest common factor of f and j.
30
Suppose -36 = -5*z + z. Suppose -3*t - 551 + 232 = -4*p, -4*t + 94 = p. Suppose -5*s + p = -143. Calculate the greatest common factor of s and z.
9
Suppose -659 = -10*v + 2551. Let d(z) = 39*z - 8. Let i be d(6). Let s = v - i. What is the highest common divisor of s and 38?
19
Let p be 1099*((-3 - -3) + 1). Let h = p - 640. What is the greatest common factor of 17 and h?
17
Let p(n) = n**3 - 12*n**2 - 138*n - 125. Let s be p(23). Calculate the greatest common divisor of 810 and s.
90
Let g(o) = 1130*o**2 - 7*o + 2. Let a be g(-2). Suppose 76*d = -5*d + a. Let r be 12 - ((1 - 1) + -2). Calculate the greatest common divisor of r and d.
14
Let o = 22 + -3. Let k(d) = 12*d**2 - 3*d - 14. Let i be k(-5). Let j = i + -130. What is the greatest common divisor of j and o?
19
Suppose 15*x = 5472 + 11054 - 3761. What is the highest common divisor of x and 407?
37
Let c = 2 - -1. Suppose 0 = 19*v + 7*v + 24934. Let f = v - -980. What is the highest common divisor of c and f?
3
Let y(t) = -t**3 - 21*t**2 - 103*t + 11. Let p be y(-8). Calculate the highest common factor of p and 13.
1
Suppose -321 = -43*p + 2044. Calculate the greatest common divisor of 16610 and p.
55
Suppose 43*t + 77*t = -48*t + 93912. Calculate the greatest common factor of 516 and t.
43
Suppose -2 - 7 = -n. Suppose 2*g = o + 29, 0 = g - 5*o - 1 - n. Let z be (-233)/(-2) + 3 - (-80)/160. Calculate the highest common factor of z and g.
15
Let b(w) be the second derivative of -w**4/12 - 9*w**3/2 - 24*w**2 - 2*w - 41. Let p be b(-12). Calculate the highest common divisor of p and 176.
44
Suppose -68*c + 66*c + 27 = k, 0 = -4*k - 3*c + 73. Calculate the greatest common factor of 7241 and k.
13
Let b = -320 + 112. Let v be b/((-2)/((-4)/(-8)*2)). Suppose -13 = 3*n - 4*n. What is the highest common divisor of v and n?
13
Let z(c) = c**2 - 17*c - 7860. Let a be z(101). Calculate the greatest common divisor of a and 182.
26
Let b(w) = -2*w**2 + 14*w - 7. Let d be b(6). Let f = 148 - 144. Suppose 4*a - 3*o - 105 = 2*a, -f*o = 20. What is the highest common factor of a and d?
5
Suppose 3*t - 11*a + 1008 = -16*a, 0 = -5*t - 4*a - 1693. Let u = -250 - t. Calculate the greatest common factor of u and 13.
13
Suppose 0 = 146*m - 2330 - 6430. Calculate the greatest common divisor of 330 and m.
30
Let r be (-30)/33*(-13 + 0 + -9). Calculate the greatest common divisor of 2510 and r.
10
Let k be 11/(-22) + -2*183/(-12). Suppose -2*v + v + k = 5*p, 2*v - 24 = -p. What is the highest common factor of v and 35?
5
Let v(n) = 2*n**3 + n**2 - n + 3. Let t be v(5). Let m = t + -247. What is the greatest common divisor of 39 and m?
13
Let i(z) = -26*z + 1664. Let h be i(61). What is the greatest common divisor of 3198 and h?
78
Suppose -14*b + 375 = -11*b. Suppose -15*w + 100 = -12*w - s, -3*s = -4*w + b. Calculate the greatest common divisor of 15 and w.
5
Let u be (-19)/(2*3/(-18)). Suppose 0 = -3*o - 3*h + 21, -3*h = -4 - 8. Calculate the greatest common divisor of o and u.
3
Suppose -56223 + 59033 = -458*x + 318830. Calculate the greatest common factor of x and 90.
30
Let g(s) = 80 + 0*s**2 + 13*s - 3*s**2 + 10*s + 4*s**2 + 0*s**2. Let l be g(-4). What is the highest common divisor of 10 and l?
2
Let v = 1 - -1. Suppose 2*q - 463 = -2*r + 3*q, q - 465 = -v*r. Suppose -2401*i - 232 = -2409*i. What is the highest common factor of r and i?
29
Let k = -5030 - -5102. Calculate the highest common divisor of 612 and k.
36
Suppose 26*u + 2179 = 31*u + 3*f, u - 440 = -2*f. Suppose 0 = -5*m - 4 + 314. What is the highest common factor of m and u?
62
Suppose 2*y + 24 = -24. Let l = y - -46. Let o(c) = -c**2 + 28*c - 30. Let f be o(26). What is the highest common factor of f and l?
22
Let l be 72/(-20)*400/24. Let r = l + 116. What is the highest common divisor of 70 and r?
14
Let s = -354 + 391. Let j(n) = 332*n**2 + n. Let h be j(1). What is the highest common factor of s and h?
37
Let h be (-22)/77 - (-4)/14. Suppose -3*n + 11*n - 24 = h. Suppose -11 = n*z + 1, -4*v = -3*z - 1112. Calculate the greatest common factor of v and 25.
25
Let y be -5*(-9)/(-135)*45*(-154)/15. What is the greatest common factor of y and 1012?
22
Let q be 4/4*3/3. Let u(g) = 61*g**3 - 2*g**2 + 3*g - 2. Let k be u(q). Let t = k + -12. What is the highest common factor of 12 and t?
12
Let w(v) be the second derivative of 1/20*v**5 - v**2 - 18*v + 1/6*v**4 + 0 - 1/3*v**3. Let f be w(2). Calculate the highest common factor of 70 and f.
10
Let l = 11 - -4. Let i(h) = 2 + 18 - 35 - h + 2*h**2. Let q be i(-3). Calculate the greatest common factor of q and l.
3
Let p be (4 - 345/(-10))/((-2)/4). Suppose 39 = 2*k - 187. Let b = k + p. What is the highest common divisor of 90 and b?
18
Let k(a) = 54*a + 90 - 12 - a**2 - 37*a. Let w be k(11). Calculate the highest common factor of w and 18.
18
Let l = -27358 - -27364. Calculate the greatest common divisor of l and 25656.
6
Let g(b) = -13*b - 36. Let f(m) = m**2 + 2*m + 1. Let l(t) = 2*f(t) + g(t). Let v be l(7). Calculate the greatest common factor of 13 and v.
1
Let b be 2/(-4) + 0 + (-6)/(-4). Suppose 0 = -11*s - 99 + 143. What is the highest common divisor of s and b?
1
Let g = 21 - 7. Let q be (((-12)/5)/(-2))/((-4)/(-10)). Suppose -q*k = -8*k - n + 102, 5*k - 2*n = 111. Calculate the highest common factor of k and g.
7
Let g be (77/(-7) - (-1600)/150) + 7792/3. Calculate the highest common factor of g and 848.
53
Let k(r) = -131*r + 2183. Let m be k(13). What is the highest common divisor of m and 2592?
96
Suppose 0 = u - 56 - 84. Suppose -61*a = -65*a + u. What is the highest common factor of 5 and a?
5
Let y = 6612 + -6603. What is the highest common factor of 393 and y?
3
Suppose -16538 - 183 = -19*w + 14344. Calculate the greatest common factor of 30 and w.
15
Let b = 8012 + -7987. Let z(l) = 155*l**2. Let q be z(2). Suppose 0 = 5*n + 25, 3*y - q = -2*y - n. What is the greatest common divisor of b and y?
25
Let b = 238 - 120. Suppose 0 = -128*t + 88*t + 3877 + 7923. What is the greatest common factor of b and t?
59
Let m(q) = 143*q**2 + 159*q - 1408. Let o be m(10). What is the greatest common divisor of o and 52?
26
Let o(p) = p + 18. Let r be o(-18). Suppose r = -5*n - 17 + 62. Let b = 155 - 83. Calculate the highest common divisor of b and n.
9
Let f = -6456 + 7946. What is the highest commo